{"id":17,"date":"2017-02-10T15:42:35","date_gmt":"2017-02-10T14:42:35","guid":{"rendered":"http:\/\/www.stephan-max.de\/?page_id=17"},"modified":"2018-02-26T16:16:29","modified_gmt":"2018-02-26T15:16:29","slug":"wozu-das-ganze-platsch","status":"publish","type":"page","link":"http:\/\/www.stephan-max.de\/wordpress\/?page_id=17","title":{"rendered":"Platsch!"},"content":{"rendered":"<p>2002. Im Rahmen einer Weiterbildung besch\u00e4ftigten wir uns mit Webdesign. Wir lernten auch HTML, die Hypertext Markup Language. Ein Projekt war nat\u00fcrlich eine eigene Homepage.<a href=\"http:\/\/www.stephan-max.de\"><img loading=\"lazy\" decoding=\"async\" class=\"alignleft wp-image-759 size-thumbnail\" src=\"http:\/\/www.stephan-max.de\/wordpress\/wp-content\/uploads\/2017\/02\/indexseite-150x150.jpg\" width=\"150\" height=\"150\" srcset=\"http:\/\/www.stephan-max.de\/wordpress\/wp-content\/uploads\/2017\/02\/indexseite-150x150.jpg 150w, http:\/\/www.stephan-max.de\/wordpress\/wp-content\/uploads\/2017\/02\/indexseite-300x298.jpg 300w, http:\/\/www.stephan-max.de\/wordpress\/wp-content\/uploads\/2017\/02\/indexseite.jpg 361w\" sizes=\"(max-width: 150px) 100vw, 150px\" \/><\/a>\u00a0Damals habe ich\u00a0<a href=\"http:\/\/www.stephan-max.de\/projekte\/fotowandel\/index.html\">das hier<\/a> produziert (noch in echter Handarbeit allen HTML-Code selbst geschrieben!) Doch ab 2004 d\u00fcmpelte\u00a0die Homepage so vor sich hin, &#8222;lebte&#8220; nur noch, weil ich E-Mail-Adresse und Domain-Name nicht aufgeben mochte.<\/p>\n<p>Irgendwann bot\u00a0mein Webhoster die M\u00f6glichkeit, <a href=\"https:\/\/wordpress.org\/\">WordPress <\/a>zu installieren.\u00a0\u00a0So ein Blog stellt ja, in der Theorie, grenzenlose \u00d6ffentlichkeit her, und du musst nicht mal HTML k\u00f6nnen (das ich l\u00e4ngst verlernt habe). Jeder Mensch mit Internet-Anschluss weltweit kann lesen, was du ohne gro\u00dfen Aufwand\u00a0publizierst. Das fand ich spannend genug, um einen eigenen Blog einzurichten. Diesen hier.<\/p>\n<p>Ich gewann zwei interessante Erfahrungen. Zum Einen lernte ich, dass ich\u00a0f\u00fcr meine pers\u00f6nlichen Erlebnisse, meine Krisen oder Freuden gar kein Publikum wollte. Das Private sollte privat\u00a0bleiben. Zum Anderen merkte ich, dass mir meistens auch der Wunsch fehlt, \u00f6ffentliche Dinge zu kommentieren, Politik, Kunst, Klatsch und Tratsch&#8230; Sicher, es gibt die gro\u00dfen und nicht so gro\u00dfen \u00f6ffentlichen Themen, die mich fesseln.\u00a0Aber meine Ansichten dazu sind entweder zu vage oder zu kompliziert, um sie\u00a0mal eben publikationsreif zu formulieren. Andere machen das viel besser.<\/p>\n<p>Noch etwas\u00a0Drittes stellte sich bald heraus: Wenn ich einmal ernsthaft \u00fcber\u00a0ein Thema schreiben wollte, das mich besch\u00e4ftigte, musste ich Position beziehen. \u00d6ffentlich. Das f\u00e4llt mir viel schwerer als ich dachte!\u00a0Ich liebe meine Privatheit. Und das alles wirkt sich sowohl auf die hier zu findenden Texte aus &#8211; nicht zu politisch, nicht zu kontrovers &#8211; als auch auf die Fotografien, die ich auf dieser Homepage zeige: nicht zu pers\u00f6nlich, nicht zu privat.<\/p>\n<p>Wozu dann das Ganze? Dieser Blog ist, wie ich in einem Beitrag geschrieben habe, eine Art\u00a0Flaschenpost f\u00fcr mich, die\u00a0ich &#8211; platsch\u00a0&#8211; ins WWWelt-Meer werfe, um zu sehen, ob jemand sie findet. Nat\u00fcrlich bewahrt er mir meinen privaten Domainnamen. Und wenn eine Reaktion auf einen Text oder ein Bild erfolgt, soll hei\u00dfen, wenn Du, ja, genau Du! einen Kommentar hinterl\u00e4sst, dann freut mich das. Logisch, oder? Die Flaschenpost wurde gefunden&#8230;<\/p>\n<p style=\"text-align: center;\"><a href=\"http:\/\/www.stephan-max.de\/wordpress\/\">Viel Spa\u00df beim St\u00f6bern in meinem Blog.<\/a><\/p>\n","protected":false},"excerpt":{"rendered":"<p>2002. Im Rahmen einer Weiterbildung besch\u00e4ftigten wir uns mit Webdesign. Wir lernten auch HTML, die Hypertext Markup Language. Ein Projekt war nat\u00fcrlich eine eigene Homepage.\u00a0Damals habe ich\u00a0das hier produziert (noch in echter Handarbeit allen HTML-Code selbst geschrieben!) Doch ab 2004 d\u00fcmpelte\u00a0die Homepage so vor sich hin, &#8222;lebte&#8220; nur noch, weil ich E-Mail-Adresse und Domain-Name nicht&#8230;<\/p>\n","protected":false},"author":2,"featured_media":781,"parent":0,"menu_order":0,"comment_status":"closed","ping_status":"closed","template":"","meta":{"footnotes":""},"_links":{"self":[{"href":"http:\/\/www.stephan-max.de\/wordpress\/index.php?rest_route=\/wp\/v2\/pages\/17"}],"collection":[{"href":"http:\/\/www.stephan-max.de\/wordpress\/index.php?rest_route=\/wp\/v2\/pages"}],"about":[{"href":"http:\/\/www.stephan-max.de\/wordpress\/index.php?rest_route=\/wp\/v2\/types\/page"}],"author":[{"embeddable":true,"href":"http:\/\/www.stephan-max.de\/wordpress\/index.php?rest_route=\/wp\/v2\/users\/2"}],"replies":[{"embeddable":true,"href":"http:\/\/www.stephan-max.de\/wordpress\/index.php?rest_route=%2Fwp%2Fv2%2Fcomments&post=17"}],"version-history":[{"count":33,"href":"http:\/\/www.stephan-max.de\/wordpress\/index.php?rest_route=\/wp\/v2\/pages\/17\/revisions"}],"predecessor-version":[{"id":791,"href":"http:\/\/www.stephan-max.de\/wordpress\/index.php?rest_route=\/wp\/v2\/pages\/17\/revisions\/791"}],"wp:featuredmedia":[{"embeddable":true,"href":"http:\/\/www.stephan-max.de\/wordpress\/index.php?rest_route=\/wp\/v2\/media\/781"}],"wp:attachment":[{"href":"http:\/\/www.stephan-max.de\/wordpress\/index.php?rest_route=%2Fwp%2Fv2%2Fmedia&parent=17"}],"curies":[{"name":"wp","href":"https:\/\/api.w.org\/{rel}","templated":true}]}}